
Let x(z) = z**3 + 10*z**2 - 10*z + 13. Let i be x(-11). Let c(d) = -d - 3. Let r be c(-5). Let t(y) = -5*y**2 - 7*y + 0*y**2 - r + 4*y**i. Give t(-3).
10
Let j(a) = -a**2 + 4*a - 1. Let t(r) = -r - 1. Let p be t(-1). Let k(n) = n**2 + 4. Let m be k(p). Calculate j(m).
-1
Let s(o) be the third derivative of o**4/24 + 7*o**3/6 + o**2. Let b = 124 - 130. Calculate s(b).
1
Let f(t) be the first derivative of 33*t**2/2 - t - 52. Calculate f(1).
32
Suppose 0 = 6*q - 10 - 8. Let j(l) be the second derivative of -1/6*l**q - l + 0 + 5/2*l**2. Determine j(0).
5
Let x(u) = 6*u**2 + 3 - 6*u**2 + u**2 - 3*u. Calculate x(3).
3
Let h(v) = v - 1. Let y be h(0). Suppose 3*b = 3*t - 4*t + 14, 0 = -t - 2*b + 10. Let u = t + y. Let n(j) = -j**2 + 1. Determine n(u).
0
Let m(i) = -i**2 + i + 4. Let t = 3 - 0. Let o be (3 - t)/(3 - 2). Suppose -f + o*f = 3*z - 15, f = -2*z + 11. Calculate m(z).
-8
Let u(r) = 2 + 0 - 3 + 2*r. Give u(5).
9
Suppose 4*m - 13 - 3 = 0. Let a(f) = -f**3 + 4*f**2 + f + 2. Determine a(m).
6
Let o(f) be the third derivative of -f**4/24 - f**2. Let v be (-4)/(-10) - (-49)/(-35). Let j be v - (-9 - (1 + -4)). Calculate o(j).
-5
Let a(j) = j**2 - 3*j + 2. Let s be ((-52)/(-91))/(2/7). Determine a(s).
0
Let v be 4/3*6/(-2). Let p be v/(-3 - -2) + -1. Let n(o) = o**2 - o**p - 4*o**2 - 1 - 7 + 2*o + 3. Determine n(-4).
3
Suppose 12 = -4*u + 4*a, -4*a + 31 = 5*u + 1. Let f(q) = -2*q**2 + q. Determine f(u).
-6
Let q(i) = -4*i**2 - 4*i**2 + 7*i**2 + 5 + 5*i + 0*i**2. Let t be (-1)/(0 - (-1)/(-5)). Determine q(t).
5
Let d(i) = -6*i + 4. Let h(j) = j. Let g(n) = d(n) + 4*h(n). Let r(q) = -q. Let z(v) = -g(v) + 5*r(v). What is z(-3)?
5
Let y(b) = -b**3 + 5*b**2 - 2*b + 3. Let u be 18/4 - (-36)/72. Determine y(u).
-7
Suppose -6 = -m + 4*m. Let n be (m/(-2))/((-1)/(-4)). Let b(x) = -13*x + 7. Let i(h) = 3*h - 2. Let u(k) = -2*b(k) - 9*i(k). What is u(n)?
0
Let h(f) = -f**2 + 3*f - 3. Suppose -4*s - 11 = -5*t + 19, s + 18 = 3*t. Suppose 4*n = -n + v + 39, -5*v = 2*n + t. Let g = -3 + n. Determine h(g).
-7
Let u(i) be the third derivative of -i**4/6 - i**3/6 - i**2. Let z(g) = -g + 3. Let j be z(6). Let h be 1 - 0/(0 - j). Determine u(h).
-5
Let v(f) = -f**3 + 4*f**2 + 7*f - 6. Let l be v(5). Let p(r) = -5*r + 3. Let t(d) = -3*d + 2. Let q(m) = -4*p(m) + 7*t(m). Calculate q(l).
-2
Let r(u) = -7*u + 0*u**3 + u**3 - 2*u**3 - 7*u**2 - 3. Let y be (-4 - 1)*12/10. Calculate r(y).
3
Let a(b) = 4*b + 20. Let f be a(-5). Let j(u) = u**3 + u**2 + 7. What is j(f)?
7
Let r(m) = m**2 + m + 1. Let u be 1/(2/(-6) - 0). Give r(u).
7
Let s(g) = -g + 1. Let q(o) = -o**3 - 11*o**2 + 8*o + 8. Let h(n) = -4*n**2 + 3*n + 3. Let r(j) = 11*h(j) - 4*q(j). Let z be r(-1). Calculate s(z).
5
Suppose 0*y = 5*y + 10. Let v = 0 - y. Let r(j) = j**3 - 3*j**2. What is r(v)?
-4
Let g(f) = 2*f + 2. Let n be g(-2). Let c(q) = q + 1. Let x(v) = 1. Let o(h) = -3*c(h) + x(h). Calculate o(n).
4
Suppose -8 = -5*g - r, -r + 7 = 4. Let s(a) = -2*a. Give s(g).
-2
Let u(k) = -k + 11. Let d(c) = -c + 11. Let r(n) = 5*d(n) - 6*u(n). Let h = 128 - 122. Determine r(h).
-5
Let t(q) = -22*q + 39*q + q**2 + 3 - 27*q. Give t(10).
3
Let f(w) = w**3 + 2*w**2 - w. Suppose 3*r + 18 = i, -2*r + 4*i + 3 - 15 = 0. Let u = 4 + r. Calculate f(u).
2
Let x(q) = q + 4. Let l(p) = -3*p + 1. Let v(m) = m - 5. Let i be v(6). Let c be -1 + -1 - (0 - i). Let k be l(c). Give x(k).
8
Let l be ((-72)/(-40))/((-3)/(-10)). Let r(o) = -o + 2. Give r(l).
-4
Let o be (-91)/5 - (-1)/5. Let g = o - -19. Let l(c) = -c + 1. Calculate l(g).
0
Let r(m) = -m**3 - m**2 - m + 1. Let d(n) = 4*n**3 + 3*n**2 + 4*n - 6. Let o be (4 - (-9)/(-3))/(-1). Let x(k) = o*d(k) - 6*r(k). Determine x(-2).
-8
Let h(i) be the third derivative of -i**6/120 + i**5/15 - i**4/8 + 2*i**3/3 - 3*i**2. Give h(3).
4
Suppose 0*w = -5*w - 10. Let k(l) = -l**2 - 3*l - 2. What is k(w)?
0
Let b(h) be the first derivative of 2*h**3/3 - 2*h**2 + 4*h + 2. Determine b(3).
10
Let t(y) = y**3 + 9*y**2 + 7*y - 5. Let o be t(-8). Let c(d) be the third derivative of d**6/120 - d**5/20 - d**4/24 + d**2. What is c(o)?
-3
Let z be 4*(11/4 - 3). Let a(u) = -u**2 + 1. Determine a(z).
0
Let v(k) = -k - 5. Let m be 2*(-2)/(-4) - -2. Suppose 0 = 2*n + m*c + 16, 4*n - 2*c - c + 14 = 0. Determine v(n).
0
Suppose 7 = 2*x + f, -2*x + f - 5 = 6*f. Let v(i) be the second derivative of 0 + 1/3*i**3 - 1/20*i**x - 2*i + 3*i**2 - 5/12*i**4. Calculate v(-5).
-4
Let o(u) = u**3 + 9*u**2 - 11*u - 7. Let j be o(-10). Let a(q) = q + 1. Give a(j).
4
Let h(j) = -j**2 + 6*j + 6. Let w be h(6). Let c(f) = -3*f + 7*f**3 - 3*f**3 - 3*f**2 - 3*f**3 + w*f**2. What is c(-4)?
-4
Suppose c + 2*a = -12, -2*c - 2*a + 11 = -5*a. Let w(o) = o**3 - 3*o - 1. Give w(c).
-3
Let b(v) = v**2 + 4*v + 2. Suppose 0 = 2*f + 14 - 6. Determine b(f).
2
Suppose 0 = 5*n + 5*d - 86 + 36, -3*n = -3*d - 6. Suppose y + 2*y = n. Let j(l) = -l**3 + l**2 - 2*l + 3. Give j(y).
-5
Let p(t) = 3 - 2*t + 7*t - 2*t**2 - 2 + 3*t**2. Let m(d) = d. Let i(w) = -m(w) + p(w). What is i(-4)?
1
Let s(n) = -2*n**3 + 2*n**2 + n + 6. Let d(h) = h**3 - 2*h**2 - 5. Let x(w) = -3*d(w) - 2*s(w). Let q(z) = -z + 3*z - 3*z + 2*z. Let i be q(-3). What is x(i)?
0
Let c(x) be the second derivative of -x**3/6 - x**2/2 - 22*x. What is c(6)?
-7
Let o(m) = -m**2 + 7*m - 6. Let j be o(4). Suppose -3*l = -j - 9. Let k(a) be the third derivative of -a**4/24 - a**3/6 - 8*a**2. What is k(l)?
-6
Let p(c) = 31*c**2 - 4*c - 2. Let m(x) = 15*x**2 - 2*x - 1. Let s(q) = 5*m(q) - 3*p(q). What is s(-1)?
-19
Let v = -70 + 76. Let s(b) = 4*b**2 - 6*b + 8. Let n(z) = -7*z**2 + 13*z - 16. Let i(t) = -3*n(t) - 5*s(t). Calculate i(v).
-10
Let i(q) = -q**3 - 6*q**2 + 3. Let h be (-6)/(1*(-3 + 4)). What is i(h)?
3
Let n = -7 + 3. Let i(v) = 4 - 7*v + 3*v**2 + v**3 - 5 - 5. Calculate i(n).
6
Let w(j) = j + 15. Let i be w(-14). Let z(r) = 5*r**2 - r + 1. Calculate z(i).
5
Let d(z) = -2*z - 3. Let h(t) = 5*t + 9. Let q(a) = 11*d(a) + 4*h(a). Let l(u) = -u + 6. Let r be l(4). Suppose -4*n = -f + r, 2 = -0*f + f + 5*n. Give q(f).
-1
Let f(a) = -a**3 - 10*a**2 + a + 13. Let z(d) = d**2 - 10*d + 11. Let p be z(7). Determine f(p).
3
Let d(t) = -t**2 + 2*t + 2. Let a be d(2). Let b(r) = -10*r**3 - 28*r**3 - r + r**a + 21*r**3. Determine b(1).
-17
Let b(a) be the first derivative of a**3/3 + 2*a**2 + 4. Let i(q) = -2*q**2 - 5*q. Let t be 3/((-7)/2 + 2). Let x(c) = t*i(c) - 3*b(c). Calculate x(2).
0
Let x(g) = -g**3 - 10*g**2 - 7*g - 12. Let v(r) = r. Let n(l) = -4*v(l) + x(l). Calculate n(-9).
6
Let u(k) = 5 - 2 + k + 0. Calculate u(-6).
-3
Suppose -3*g + 0*g + 18 = 0. Let b be 4/g - 115/15. Let j(x) = 3*x**3 - 4*x**2 + 1. Let v(y) = 5*y**3 - 9*y**2 + 2. Let c(f) = b*j(f) + 3*v(f). What is c(1)?
-6
Let l(g) = -g**2 + 1. Let f(v) = 5*v**2 - 6*v - 6. Let q(z) = -f(z) - 4*l(z). What is q(6)?
2
Suppose -6 = -2*f - 0*f. Let i(x) be the first derivative of f*x**2 - 2*x**2 + x**2 - 3*x - 4. Determine i(2).
5
Let h(o) = 4 + 2 - 2*o**2 + 3*o**2 + 7*o. Give h(-5).
-4
Let s(f) = -f**2 + f + 4. Suppose 0 = 2*i - 5 - 1. Give s(i).
-2
Let v(b) = -3 - 2*b - 7*b - 3 + b + 9*b. Let q = -2 + 2. Give v(q).
-6
Let w(o) be the first derivative of -o**3/3 - 4*o**2 + 3*o - 309. Let h be -2*6/(1 + 1). Calculate w(h).
15
Suppose 5*k = -7 - 18. Let j(m) = m**2 + 0*m - 1 + 3 - 2*m**2 - 5*m. Give j(k).
2
Let g(v) = -2*v**2 + 2*v + 13. Let z(w) = -3*w**2 + 3*w + 25. Let j(u) = -5*g(u) + 3*z(u). Determine j(0).
10
Let k(g) = 22 + 21 + g**2 + 8*g - 47. Calculate k(-9).
5
Let v be (-18)/4 - (3 + (-27)/6). Let y(l) = -l**2. Give y(v).
-9
Let i(c) = 2*c - 2. Let d be i(-1). Let n be 10/d*2/(-1). Let v(q) = q + 2. Give v(n).
7
Let b(g) = -1 + 2*g**3 - 7*g**2 + 7*g + 2 - g**3. Let y(j) = -2*j - 4. Let t be y(-3). Let n(c) = 2*c + 2. Let o be n(t). Calculate b(o).
7
Suppose 17 + 48 = 5*s. Let b = 10 - s. Let n(c) = -c**2 + 3. Calculate n(b).
-6
Let c be (-70)/(-22) - 30/165. Let w(h) be the second derivative of 0 - 3*h - 1/2*h**2 + 1/6*h**c. Give w(5).
4
Suppose 0 = -4*c + w + 39, -3*w + 11 = c - 15. Let u(o) = o**2 - 13*o + 16. Let h be u(c). Let n(t) = 2*t + 6. Calculate n(h).
-6
Let x(f) = -2*f**2 + 16*f + 21. Let l(p) = p**2 - 8*p - 11. Let n(c) = 5*l(c) + 3*x(c). Determine n(6).
20
Let j(x) = 0*x + x**2 + 0 - 1 - x. Let b(n) 